16?
24
Suppose 0 = -18*l + 28*l - 270. What is the highest common factor of 297 and l?
27
Suppose 3*b - 25 - 58 = -2*l, 20 = 5*l. Let m be (35 + b)/(1/1). Calculate the highest common factor of m and 24.
12
Let s(t) = t**2 - 28*t - 199. Let f be s(-6). Calculate the greatest common divisor of 85 and f.
5
Let f be (-934)/(-62) + (4100/(-124) - -33). Let x(r) = -11*r - 6. Let b be x(-6). Calculate the greatest common factor of b and f.
15
Suppose 90 = z - 15. Suppose g - 33 = -c - 8, 4*g - z = -3*c. What is the greatest common divisor of g and 75?
15
Let c(j) = 153*j**2 + 9*j. Let b be c(-1). What is the highest common factor of 171 and b?
9
Suppose 4*c - 12 = -0*c. Suppose -327 = -c*q - 66. Let h be 2/6 - q/(-9). What is the highest common factor of h and 30?
10
Let w = 442 - 282. Suppose 4*q - 42 = -2*d + 122, 2*q = -2*d + 84. What is the highest common factor of w and q?
40
Let p be ((-10)/4)/(1/(-2)). Suppose 25 - 19 = b. Suppose -3*y = -b, 0*y = -p*j - 2*y + 19. What is the highest common divisor of 15 and j?
3
Let u(d) = 5*d - 7. Let a(z) = 11*z - 15. Let y(g) = 2*a(g) - 5*u(g). Let j be y(7). Let n = -15 - j. Calculate the greatest common factor of n and 5.
1
Let v = -15 + 21. Suppose 4*d + 16 = 0, -2*d = 4*c - v*d - 36. Suppose -3*q + 57 = 2*b, -3*q - 36 = c*b - 183. What is the greatest common factor of 330 and b?
30
Suppose -l + 19 - 1 = 0. Suppose -t + 220 = m - 102, -m + 646 = 2*t. Suppose 2*u + a - t = 0, u + 2*a - 162 = -a. What is the greatest common factor of l and u?
18
Let d = 673 + -664. Calculate the highest common divisor of 135 and d.
9
Let z be -130 + 1*0/(-4). Let d = 131 + z. Calculate the greatest common factor of 5 and d.
1
Let x(m) = m + 18. Let s be x(0). Suppose s = 5*w - 7. Suppose -w*l + 27 = -r, -5*l - 5*r + 4*r = -23. What is the highest common factor of l and 45?
5
Let f be (4 + 0)*14/(-8). Let k(l) = -l**3 - 5*l**2 + 13*l + 10. Let g be k(f). What is the greatest common factor of 187 and g?
17
Let k = -660 + 714. Calculate the greatest common factor of 198 and k.
18
Suppose 0 = -21*s + 1269 + 96. Calculate the highest common factor of s and 39.
13
Suppose -4*b + 156 + 48 = 0. Suppose -3*u + 0 = -18. Suppose u*j - 51 = 3*j. Calculate the greatest common divisor of j and b.
17
Let u = 383 - 381. What is the greatest common divisor of 8 and u?
2
Suppose c + 2*c - 90 = 0. Let s(h) = 2*h**2 + 42*h - 134. Let y be s(-24). Calculate the greatest common divisor of y and c.
10
Let u be 32/(-56)*(-7)/2. Suppose u*h - 3*h = 1. Let p = h - -6. What is the greatest common divisor of p and 10?
5
Let f be (((-152)/(-12))/1)/((-6)/(-9)). Calculate the greatest common divisor of f and 3.
1
Suppose 7*p = 3*p - 224. Let k = p - -96. Suppose -k = 4*h - 112. What is the highest common factor of 9 and h?
9
Let j = 245 - 240. What is the highest common divisor of j and 25?
5
Let k be (-9)/(-2) + 1/2. Suppose -3*c + k*i + 107 = 3*i, 2*c + 2*i - 68 = 0. Calculate the highest common divisor of c and 140.
35
Suppose -3*y - 2*b + 20 = 0, 0 = 4*y - 3*y - 4*b - 16. Let h be (-42)/5 - (-9)/(-15) - -3. Let x = y + h. What is the highest common factor of x and 1?
1
Let i(r) = -r**3 - 4*r**2 + 3*r - 1. Let d be i(-5). Suppose -d*z = -7*z + 1500. Let m be 4/5*z/(-12). What is the greatest common factor of 10 and m?
10
Let x be (-33)/5 + 3/5. Let v(b) = 14*b - 2. Let s(y) = -1. Let p(u) = x*s(u) + v(u). Let h be p(4). What is the greatest common divisor of 15 and h?
15
Let u(l) = -4 + 1 - 4 - 7*l + 3. Let a be u(-7). What is the greatest common factor of a and 15?
15
Suppose 13*q + 336 = 21*q. Calculate the highest common divisor of 1050 and q.
42
Let i = 12 + -5. Suppose -i = -3*d + 32. Suppose 3*w - 414 = 5*r, -5*r - 145 = -2*w + 126. What is the greatest common factor of d and w?
13
Let v be ((-1)/(-3))/((-18)/(-270)) - -254. Calculate the greatest common factor of v and 111.
37
Let f(y) = -32*y - 65. Let s be f(-10). What is the greatest common factor of s and 15?
15
Let k = 133 + -140. Let u be k/(-2)*136/238. Calculate the highest common divisor of u and 2.
2
Suppose -5*o - 8 = -118. Suppose w + 2*w - 4*u = 47, -o = -2*w - 2*u. Calculate the highest common divisor of w and 13.
13
Let t = 499 + -463. What is the greatest common factor of 153 and t?
9
Let p be ((-5)/(-2))/(7/(-308)*-2). What is the highest common factor of 77 and p?
11
Let s be 810/(-4)*9/((-90)/20). Calculate the greatest common factor of s and 15.
15
Let n = 49 + -95. Let g = n + 51. Suppose 2*o + k + 3*k + 10 = 0, -2*k = 10. Calculate the highest common divisor of g and o.
5
Suppose -5*v - 4*j - 85 = 0, 3*v - 4*j + 53 = -6*j. Let g = 30 + v. Suppose -2*a = 10, -z - 4*a + 35 = -2*a. What is the highest common factor of z and g?
9
Let q(t) = 8*t**2 + t + 5. Suppose -4*m = -s + 3*s - 8, -2*m - 5*s - 4 = 0. Let l be q(m). Calculate the greatest common factor of 5 and l.
5
Let y(x) = -7*x**3 - x**2 - 5*x - 2. Suppose 4*k - 2*h = 0, 3*k - 8 = 4*h + 2. Let t be y(k). Calculate the greatest common divisor of 150 and t.
30
Suppose 6*b - b = 120. Suppose 5*a = a + b. Calculate the greatest common factor of a and 18.
6
Suppose -4*s + 354 = -46. Suppose 0 = -3*x + 7*x - s. What is the highest common divisor of x and 125?
25
Let a be (4 - -2)*2/(-2). Let i be (-44)/(-12) + (-2)/a. What is the highest common divisor of 8 and i?
4
Let r be 3 - (6 + -128 + 0). Let z = -46 - -71. Calculate the greatest common divisor of r and z.
25
Suppose -14*n = -44 - 488. Calculate the greatest common factor of 494 and n.
38
Let p(t) = -109*t**3 - 2*t**2 - t. Let c be p(-1). Let z(j) = -6*j**2 + 50*j - 4. Let d be z(8). Calculate the greatest common factor of c and d.
12
Let k = -58 + 101. Suppose 5*i = 473 - k. Suppose 0 = 6*l - 82 - i. Calculate the greatest common factor of 4 and l.
4
Let p(i) = 47*i**2 - 2*i - 2. Let n be p(2). Suppose -10*k + 11*k + 100 = 4*w, -4 = -k. Calculate the greatest common divisor of n and w.
26
Suppose -51 - 285 = 4*h. Let r be 2/(-8) + 279/(-4). Let b be r/h + 2/12. Calculate the highest common factor of b and 11.
1
Let d(n) = 9*n**3 - 4*n + 4. Let h be d(1). Suppose h = 3*x, x = 3*q + 3*x - 78. Calculate the highest common divisor of q and 96.
24
Suppose -325*k = -5*n - 321*k + 360, 4*k + 224 = 3*n. Suppose -5*q + z + 89 = 0, -4*z + 6 = -2*q + 56. Calculate the highest common divisor of q and n.
17
Let k = 18 - -6. Let o be (1 - 8)/(-7)*4. What is the greatest common factor of o and k?
4
Let b = -114 - -195. What is the highest common divisor of b and 108?
27
Suppose 14*w = -4*u + 15*w + 78, -3*u + 3*w + 63 = 0. What is the greatest common factor of u and 209?
19
Suppose 2*z = z - 18. Let g be (-1)/(6/(-10)*(-3)/z). What is the highest common divisor of 25 and g?
5
Suppose 5*q + 16 = 26. Suppose 155 = q*o - 223. Calculate the greatest common divisor of 27 and o.
27
Let x be ((-5)/(15/(-198)))/(-7 - -9). Calculate the greatest common factor of 99 and x.
33
Let j be (-630)/(-60)*(-2 + 4). What is the greatest common factor of j and 161?
7
Suppose 0 = -9*n + 8 - 62. Let q be (n/45*12)/(2/(-20)). Let r(o) = -64*o. Let b be r(-1). Calculate the highest common divisor of b and q.
16
Let v be 0/(-2) - -198 - 0. Let x be (-428)/(-5) + 15/(-25). Suppose -82*q - 66 = -x*q. Calculate the greatest common divisor of v and q.
22
Let o = -559 - -768. What is the highest common factor of 19 and o?
19
Let k(g) = -2*g**3 + 2*g**2 + 2*g - 1. Let i be k(-2). What is the highest common factor of 3 and i?
1
Let n = 137 - -34. What is the greatest common divisor of 1 and n?
1
Let b(j) be the first derivative of j**4/4 + 2*j**3 - j**2 + 14*j + 13. Let s be b(-4). Calculate the greatest common factor of 594 and s.
54
Let w be -2*(-2 - 0) + (174 - -6). Suppose t - w = -4*m + 3*t, -5*t + 215 = 5*m. Calculate the highest common factor of 10 and m.
5
Let k(t) = 2*t**2 + 7*t. Suppose 0*x - 3*x - 66 = 0. Let r be x/4 - (-8)/16. Let a be k(r). Calculate the highest common factor of a and 105.
15
Suppose -985 - 115540 = -59*a. Calculate the greatest common divisor of a and 79.
79
Let z = 147 - 92. Calculate the greatest common factor of 55 and z.
55
Let z be (15 + -10)*(-54)/(-15). Suppose 0 = 5*g - 390 + 30. Calculate the highest common divisor of z and g.
18
Let h(t) = 7*t - 12. Let j be h(3). 